{"id":38,"date":"2022-09-30T13:21:43","date_gmt":"2022-09-30T13:21:43","guid":{"rendered":"https:\/\/tv-esenshamm.de\/?page_id=38"},"modified":"2022-12-12T10:24:46","modified_gmt":"2022-12-12T09:24:46","slug":"vorstand","status":"publish","type":"page","link":"https:\/\/tv-esenshamm.de\/?page_id=38","title":{"rendered":"Vorstand"},"content":{"rendered":"\n<p>Der am 02.09.2022\/ 31.10.2022 gew\u00e4hlte Vorstand besteht aus:<\/p>\n\n\n\n<div class=\"wp-container-2 wp-block-columns\">\n<div class=\"wp-container-1 wp-block-column\" style=\"flex-basis:100%\">\n<figure class=\"wp-block-table is-style-stripes\"><table><tbody><tr><td>Beisitzerin:<\/td><td class=\"has-text-align-left\" data-align=\"left\">Anke Bessel-Dietrich    <\/td><td>                  <\/td><\/tr><tr><td>Beisitzer:<\/td><td class=\"has-text-align-left\" data-align=\"left\">Ralf Buhrmann<\/td><td><\/td><\/tr><tr><td>Beisitzer:<\/td><td class=\"has-text-align-left\" data-align=\"left\">Leon Tempel<\/td><td><\/td><\/tr><tr><td>Kassenwart:<\/td><td class=\"has-text-align-left\" data-align=\"left\">Kilian Heinrich<\/td><td><\/td><\/tr><tr><td>Schriftf\u00fchrerin:<\/td><td class=\"has-text-align-left\" data-align=\"left\">Kirstin Achter<\/td><td><\/td><\/tr><\/tbody><\/table><\/figure>\n<\/div>\n<\/div>\n\n\n\n<p>Alle Vorstandsmitglieder sind \u00fcber vorstand@ sowie vorname.nachname@ tv-esenshamm.de erreichbar.<\/p>\n\n\n\n<p>Anfragen \u00fcber das Kontaktformular werden an info@ tv-esenshamm.de versendet und von dort weitergeleitet.<\/p>\n\n\n\n<p>                     <\/p>\n","protected":false},"excerpt":{"rendered":"<p>Der am 02.09.2022\/ 31.10.2022 gew\u00e4hlte Vorstand besteht aus: Beisitzerin: Anke Bessel-Dietrich Beisitzer: Ralf Buhrmann Beisitzer: Leon Tempel Kassenwart: Kilian Heinrich Schriftf\u00fchrerin: Kirstin Achter Alle Vorstandsmitglieder sind \u00fcber vorstand@ sowie vorname.nachname@ tv-esenshamm.de erreichbar. Anfragen \u00fcber&#46;&#46;&#46;<\/p>\n","protected":false},"author":1,"featured_media":0,"parent":0,"menu_order":0,"comment_status":"closed","ping_status":"closed","template":"","meta":[],"_links":{"self":[{"href":"https:\/\/tv-esenshamm.de\/index.php?rest_route=\/wp\/v2\/pages\/38"}],"collection":[{"href":"https:\/\/tv-esenshamm.de\/index.php?rest_route=\/wp\/v2\/pages"}],"about":[{"href":"https:\/\/tv-esenshamm.de\/index.php?rest_route=\/wp\/v2\/types\/page"}],"author":[{"embeddable":true,"href":"https:\/\/tv-esenshamm.de\/index.php?rest_route=\/wp\/v2\/users\/1"}],"replies":[{"embeddable":true,"href":"https:\/\/tv-esenshamm.de\/index.php?rest_route=%2Fwp%2Fv2%2Fcomments&post=38"}],"version-history":[{"count":5,"href":"https:\/\/tv-esenshamm.de\/index.php?rest_route=\/wp\/v2\/pages\/38\/revisions"}],"predecessor-version":[{"id":263,"href":"https:\/\/tv-esenshamm.de\/index.php?rest_route=\/wp\/v2\/pages\/38\/revisions\/263"}],"wp:attachment":[{"href":"https:\/\/tv-esenshamm.de\/index.php?rest_route=%2Fwp%2Fv2%2Fmedia&parent=38"}],"curies":[{"name":"wp","href":"https:\/\/api.w.org\/{rel}","templated":true}]}}

<p>Der am 02.09.2022/ 31.10.2022 gewählte Vorstand besteht aus:</p>



<div class="wp-container-2 wp-block-columns">
<div class="wp-container-1 wp-block-column" style="flex-basis:100%">
<figure class="wp-block-table is-style-stripes"><table><tbody><tr><td>Beisitzerin:</td><td class="has-text-align-left" data-align="left">Anke Bessel-Dietrich    </td><td>                  </td></tr><tr><td>Beisitzer:</td><td class="has-text-align-left" data-align="left">Ralf Buhrmann</td><td></td></tr><tr><td>Beisitzer:</td><td class="has-text-align-left" data-align="left">Leon Tempel</td><td></td></tr><tr><td>Kassenwart:</td><td class="has-text-align-left" data-align="left">Kilian Heinrich</td><td></td></tr><tr><td>Schriftführerin:</td><td class="has-text-align-left" data-align="left">Kirstin Achter</td><td></td></tr></tbody></table></figure>
</div>
</div>



<p>Alle Vorstandsmitglieder sind über vorstand@ sowie vorname.nachname@ tv-esenshamm.de erreichbar.</p>



<p>Anfragen über das Kontaktformular werden an info@ tv-esenshamm.de versendet und von dort weitergeleitet.</p>



<p>                     </p>

<p>Der am 02.09.2022/ 31.10.2022 gewählte Vorstand besteht aus: Beisitzerin: Anke Bessel-Dietrich Beisitzer: Ralf Buhrmann Beisitzer: Leon Tempel Kassenwart: Kilian Heinrich Schriftführerin: Kirstin Achter Alle Vorstandsmitglieder sind über vorstand@ sowie vorname.nachname@ tv-esenshamm.de erreichbar. Anfragen über&#46;&#46;&#46;</p>
